te the highest common factor of 60 and o.
15
Suppose -69 = -4*c + 35. Calculate the highest common divisor of c and 286.
26
Let k(z) = -z**2 - 16*z + 1. Let n be k(-13). Let q be ((-10)/(-7))/(1/7). Calculate the greatest common factor of n and q.
10
Let f be (2/(-3))/((-4)/108). Calculate the highest common factor of f and 144.
18
Let k = -216 + 456. Calculate the greatest common factor of 24 and k.
24
Suppose 3*g - 5*g + 6 = 2*u, 0 = -3*u + 5*g + 9. What is the greatest common factor of 21 and u?
3
Suppose 40 = 4*l - 40. Let m be 2 + 1*38 + 1. Suppose 0*y + 3*a = -4*y + m, 0 = -2*y + 5*a + 1. Calculate the greatest common divisor of y and l.
4
Let a(z) be the third derivative of z**6/120 + z**4/12 - z**3/6 + z**2. Let n be a(2). Suppose -3*g + n = -7. What is the greatest common divisor of g and 54?
6
Let m be (4 - 1)*(1 + -4). Suppose 0*v + 4*v = 2*k - 42, 71 = 3*k + 2*v. Let y = m + k. Calculate the greatest common factor of 98 and y.
14
Suppose 0 = 5*l - 7 - 48. What is the highest common factor of 11 and l?
11
Let r be 2/4 - (-2)/4. Suppose -h + r + 62 = 0. Calculate the highest common factor of h and 7.
7
Let b(o) = o**3 + 6*o**2. Let c be b(-6). Suppose c = -s + 1 - 3. Let v be (12/(-15))/(s/25). What is the highest common divisor of v and 4?
2
Let u = 30 - 12. Suppose 4*d - 7*d = -6. Calculate the greatest common factor of d and u.
2
Let j(i) be the first derivative of i**2/2 + 2*i + 2. Let n be j(4). Let q = 79 - 49. What is the highest common divisor of n and q?
6
Let i(j) = 4*j**2 - j + 2. Let t be i(-2). Calculate the highest common divisor of t and 30.
10
Let j(c) = -c**3 - 4*c**2 - 5*c + 6. Let s be j(-6). Let q be (-8)/(-6) + 4/6. Let g be 1*(2/q - -11). What is the highest common divisor of s and g?
12
Let z = 3 + -7. Let d(k) = k**2 - 3. Let f be d(z). Calculate the highest common divisor of 39 and f.
13
Let o(l) = 3*l**2 + 8*l - 6. Let g be o(-9). Let t(c) = 15*c**2. Let i be t(1). Calculate the highest common divisor of i and g.
15
Suppose -1 = -o + 1. Suppose 27 - o = 5*g. Let y = g + 9. Calculate the greatest common divisor of 112 and y.
14
Let c(m) = m**2 - 10*m + 10. Let x be c(8). Let h = -6 + 4. Let g be (h/x)/((-2)/(-114)). What is the greatest common divisor of g and 57?
19
Let x(r) = r + 20. Let q be x(-11). Let v(y) = -y**2 + 20*y - 24. Let n be v(17). What is the highest common divisor of q and n?
9
Let z = 526 - 344. Calculate the highest common divisor of z and 26.
26
Suppose -3*g + 4*t = -16 - 5, 0 = -3*t - 9. Suppose -q + g*w = -w - 23, -q = 4*w + 17. Let v be 3/2*(-6)/(-9). What is the highest common factor of v and q?
1
Suppose 0*p - 5*p = 0, -10 = r - 3*p. Let b be (r/7)/(3/(-21)). Suppose -134 = -4*f + 146. What is the greatest common divisor of f and b?
10
Let z = 42 + -30. What is the greatest common factor of z and 8?
4
Let k(l) = -l + 13 - 3 + 4. Let b be 4/14 + 61/7. Let h be k(b). What is the greatest common factor of 15 and h?
5
Let z = -54 - -99. Calculate the greatest common divisor of 18 and z.
9
Suppose z = 3*z - 12. Let g be ((-4)/(-2) + -7)*-6. What is the greatest common factor of g and z?
6
Suppose 3*w + 3*i - 138 = 0, -94 = -2*w + 3*i - 7*i. Calculate the greatest common divisor of w and 60.
15
Let h = -8 - -52. Let y = h + -22. Suppose 4*n - 2*m - 105 = -9, -3*m + 10 = n. Calculate the highest common factor of n and y.
22
Let j = 3 - 1. Suppose -3*s = 2*o - 6, -j = 2*o + 4*s - 8. Let z be o*(19/3 + -1). Calculate the greatest common factor of z and 40.
8
Suppose 2*y - 4 = y, -4*t = y - 12. Suppose 56 = t*p - 0*p. Suppose -4*g + 2*l + 0 = -18, -22 = -g - 3*l. What is the greatest common factor of p and g?
7
Suppose 8*b - 70 = 3*b. Suppose -4*t + b = -2*t. What is the highest common factor of 35 and t?
7
Let u be 3*-74*(-2)/6. Suppose -186 = -5*d + u. What is the highest common factor of d and 13?
13
Let v be (3 - 20)*(-2 + 0). Calculate the highest common factor of v and 17.
17
Let y(i) = 9*i**2 - 2*i - 7. Let q be y(6). Suppose -5*h - 5 = -q. What is the greatest common divisor of h and 6?
6
Suppose 0 = 2*k + f - 21 - 30, 20 = k - 5*f. Calculate the greatest common factor of 25 and k.
25
Suppose -2*n - 4*i + 16 = 0, 0 = -3*n - n + i + 59. What is the highest common divisor of 21 and n?
7
Let g be 534/4 + 9/(-6). Suppose o - 370 = -38. Let m = o - g. What is the greatest common divisor of 25 and m?
25
Let g = -6 + 10. Let y be 52/6 + g/12. Suppose 6*j - 4*j = 4*v - 394, -2*j = 4*v - 398. What is the greatest common divisor of y and v?
9
Let r = 726 - 213. Suppose 7*c - 4*c - r = 3*s, 2*s + 512 = 3*c. Suppose -2*t = 4*f - 74, 3*f = 2*f + 5*t + 2. What is the greatest common factor of f and c?
17
Let v(l) be the first derivative of 3*l + 5/3*l**3 - 3/2*l**2 - 1/4*l**4 + 1. Let n be v(3). Calculate the greatest common factor of n and 48.
12
Let c be 18/6 + (1 - 2). Suppose c*d - 226 = 3*s, -16 = -s - 3*s. Calculate the greatest common divisor of 17 and d.
17
Let u be (-309)/(-12) + (-3)/(-12). Calculate the highest common factor of u and 26.
26
Let s be (3/(-4))/(4/(-176)). Let q(f) = f**3 + 6*f**2 - 8*f - 4. Let r be q(-7). Calculate the greatest common factor of r and s.
3
Let r(m) be the second derivative of m**4/12 + m**3/2 - 5*m**2 + 6*m. Let l be r(-7). What is the greatest common factor of 12 and l?
6
Let n = 78 + -26. Let p be 3/(3/n*2). What is the highest common factor of p and 13?
13
Let q(j) = j - 1. Let v be q(3). Suppose 7 = -v*n + 55. Let k(z) = -z**2 + 7*z + 6. Let b be k(6). Calculate the highest common factor of n and b.
12
Let i = 0 + -1. Let w be 18/4 + i/(-2). Suppose -8 + 23 = w*u. What is the highest common divisor of u and 3?
3
Let f be 4/18 + 16672/144. Calculate the greatest common divisor of 29 and f.
29
Let y be 0/(-1) - (-48)/2. What is the highest common divisor of 24 and y?
24
Let k be 17 - 2/(0 + -2). Suppose 3*v = v - 6, w - 4*v - k = 0. Calculate the greatest common factor of 48 and w.
6
Suppose 33 = 3*f - 3*o, -3*f - 6 = 5*o - 47. What is the highest common divisor of 4 and f?
4
Suppose 0 = 3*q + 2*q - 15. Calculate the highest common factor of 2 and q.
1
Let y = 40 - 14. Calculate the greatest common factor of y and 286.
26
Suppose -3*k - 2*s + 12 = -3, -4*s = 12. Let q(c) = -c**2 + 13*c - 5. Let a be q(9). Let n = a - k. What is the highest common factor of n and 6?
6
Let m be (-3)/((-6)/(-69)*4/(-8)). What is the greatest common divisor of 23 and m?
23
Let o be ((-8)/(-10))/((-7)/(-35)). Let d be (-57)/(-2) - (-3)/(-6). What is the highest common divisor of o and d?
4
Let b(i) = 3*i - 4. Let r be b(4). What is the greatest common divisor of r and 2?
2
Suppose -5*b + 3*a + 11 = -b, -b - 4*a - 2 = 0. Let o = 0 - -3. Suppose -o*h = 6, -2*u = b*h + 2*h - 60. Calculate the highest common factor of 85 and u.
17
Suppose 0 = -h - 45 + 170. Suppose 5*m = -n + 107, -5*n - h = -2*m - 3*m. Calculate the highest common factor of m and 88.
22
Suppose -5*v = -s - 264, 3*s = 3*v - 0*s - 168. What is the highest common factor of 26 and v?
26
Let y(a) = 4*a**2 + 17*a + 49. Let l be y(-7). What is the greatest common divisor of 14 and l?
14
Suppose 0 = -v + 2*v - 11. Let h(t) = -4*t + 3*t**2 + 7 - 1 - 4*t. Let i be h(6). What is the greatest common factor of i and v?
11
Suppose 5*m - 535 = -v + 953, 0 = m - 3*v - 288. Calculate the highest common factor of m and 27.
27
Let v be 3 - (3 + -3)/(-3). What is the greatest common divisor of 24 and v?
3
Let d be (-2895)/(-45) - (-10)/6. Let p = 4 - 2. Let j(x) = x**3 - x. Let b be j(p). Calculate the greatest common factor of b and d.
6
Let x = -3 - -4. Let m be 8/12*x*18. Calculate the highest common divisor of 132 and m.
12
Let a(y) = 2*y**2 - 2*y - 3. Let r be a(3). Let p(w) = w**3 - 5*w**2 + 3*w + 2. Let v be p(4). Let l = r + v. What is the highest common divisor of 35 and l?
7
Suppose -96 = -4*q - 4*v, -4*q + 5*v = -200 + 68. Let u = -42 - -112. Calculate the highest common factor of u and q.
14
Suppose 2*y - o - 10 = 11, y = -4*o + 33. Suppose -h + 38 = -14. Calculate the highest common factor of y and h.
13
Let p be (-1)/4 - (-195)/12. Suppose 6*z - 4*d - p = 3*z, -5*z + 38 = -d. Let s be (-18)/(-5)*(-20)/(-6). Calculate the highest common factor of z and s.
4
Let y be (-1 + 0)*-1*7. Suppose 0*r = -r + 68. Let g = r -